 of 25*(-2)/w*-3.
2, 5
Let g(u) = u**3 - 7*u**2 - 5*u - 3. Let y(c) = -c**3 + c**2 - c + 7*c + 3*c**2 + 3 + 0*c. Let w be y(5). What are the prime factors of g(w)?
3, 7
Let o = -13 - -17. Let z be o + (-2 - (-1 - 0)). Suppose 2*w + 3*w + 5 = 0, -z*y + 200 = -2*w. What are the prime factors of y?
2, 3, 11
Suppose 4*z - y = -5*y, -10 = -2*z + 3*y. What are the prime factors of (1/z)/((-5)/(-320))?
2
Let f = 45 + -127. Let t = 131 + f. What are the prime factors of t?
7
Let k(g) = g**2 - 3*g - 26. Let z be k(7). Suppose -i + 3*p = -4*i + 24, 5*p - 25 = -2*i. Suppose z*a = -4*v + v, -i*a + 42 = -3*v. List the prime factors of a.
2, 3
Suppose -g - 4*f = 2, 2*g = 3*f - 0 + 29. Suppose -2*c + g = 2. Suppose 27 = c*k - 3*k. What are the prime factors of k?
3
Let q = 816 + -329. List the prime factors of q.
487
Let q = 33 - 15. List the prime factors of q.
2, 3
Suppose 23 = 4*f + 39. What are the prime factors of ((2 + -4)/f)/(1/240)?
2, 3, 5
Let i = 134 + 3. Suppose -i = -2*g + 3*y - 4*y, -5*y = -25. What are the prime factors of g?
2, 3, 11
Suppose -5*d = 3*a - 974, -4*d - 946 = -3*a - 2*d. List the prime factors of a.
2, 3, 53
Let c = 3586 - 2439. What are the prime factors of c?
31, 37
Let t be (26/(-6))/(10/(-1080)). Suppose -t = -7*n + n. List the prime factors of n.
2, 3, 13
Let d = 11 + -6. Suppose d*q + o = 224, q - 5*o = 17 + 7. List the prime factors of q.
2, 11
Let p be -3*(-2 + (-4)/(-6)). Let q be (-440)/(-32) + 1/p. Let n = q + -6. List the prime factors of n.
2
Suppose 0 = 2*n - 8*n + 1170. List the prime factors of n.
3, 5, 13
Let h be (-3 - (-114)/36)/((-2)/(-12)). Let a(u) = 8*u**2 + 8*u - 7. Let d(v) = v**2 - v + 1. Let s(f) = a(f) + 5*d(f). List the prime factors of s(h).
2, 7
Suppose -5*w + 4*w = -12. Let d = -58 - -88. Suppose -2*l + d = -w. List the prime factors of l.
3, 7
Suppose -54 + 23 = -v. Let k be (-1)/(5/(-2) - -2). Suppose v = k*r - 27. List the prime factors of r.
29
Let r(o) = 6*o**2 + 52*o - 13. What are the prime factors of r(-14)?
3, 5, 29
What are the prime factors of 5/((-35)/(-3018)) - 43/301?
431
Let n(b) = 97*b**3 + 2*b**2 - 1. What are the prime factors of n(1)?
2, 7
Let c(a) = a**3 - a + 2. Let r be c(0). List the prime factors of (7 - 166)*r/(-2).
3, 53
Let w = 607 - 552. List the prime factors of w.
5, 11
Suppose 5*o - 1 = -11, -4*p - 2*o + 2868 = 0. List the prime factors of p.
2, 359
Let f(t) = 10*t + 10. Let s be f(-4). Let q be (33/4)/(s/(-80)). Suppose -2*d - q = -78. List the prime factors of d.
2, 7
Suppose 4*k + g = 433, 3*k + 3*g + 2*g = 312. Suppose q + q = 4*d - 194, 2*d - 5*q = k. List the prime factors of d.
47
Let c(j) be the first derivative of 11*j**4/4 - j**3/3 + j**2/2 - 12*j + 9. Let k(s) be the first derivative of c(s). List the prime factors of k(1).
2
Let t(m) = -2*m - 3. Suppose 2*d - 3 = 3*d. Let x be t(d). Suppose 3*q - 149 = k, -5*q - x*k = -276 + 51. What are the prime factors of q?
2, 3
Let b = 100 + 73. What are the prime factors of b?
173
Let u = -68 - -71. Suppose u*f = -2*i - f + 78, 5*i + 5*f - 180 = 0. What are the prime factors of i?
3, 11
Suppose 2*o - 221 = 311. Suppose -5*j + 2*q + 1350 = 3*q, j = -q + o. What are the prime factors of j?
271
Let g(q) = 6*q**2 - 4*q + 632. What are the prime factors of g(29)?
2, 3, 103
Let z = 843 + 2591. List the prime factors of z.
2, 17, 101
Let g be (3 - 5/1)*-2. Suppose -g*v + 3*q = -2*q - 223, 5*v - 3*q = 269. List the prime factors of v/10*(-15)/(-3).
2, 13
Let m = 11 + -17. Let s = 2 - m. Suppose -s*a = -3*a - 360. What are the prime factors of a?
2, 3
Suppose -4*h + h = -12. Suppose 0 = 3*n - 5*y + 37 - 537, h = 2*y. What are the prime factors of n?
2, 5, 17
Suppose 5881 + 3461 = -3*a. Let k be a*(2/(-2))/2. What are the prime factors of k/63 - 4/(-14)?
5
Suppose 8*h = 20*h - 4980. What are the prime factors of h?
5, 83
Let l(u) = 3*u + 7. Let g be l(16). Suppose -w + g = 4*w. List the prime factors of w.
11
List the prime factors of (75 + -74)/(1/5*1).
5
Let i(b) = -4*b + 2*b + 6 + b - 8*b + 2*b**2. List the prime factors of i(7).
41
Suppose -3*f - 1 = -13. Suppose f*l - 34 = -2. What are the prime factors of ((-90)/(-24))/(3/l)?
2, 5
Suppose 3*c + 366 = r, 11*c + 364 = r + 6*c. Suppose -16*k + 13*k = -r. List the prime factors of k.
3, 41
Let t = 1341 + -775. List the prime factors of t.
2, 283
Let n be (-12)/(-3) + -3 - -28. Suppose -4*p + 15 = -n. List the prime factors of p.
11
Let n(x) = x**2 - 8*x - 9. Let c = -26 + 15. Let k(r) = -5*r**2 + 40*r + 45. Let h(d) = c*n(d) - 2*k(d). List the prime factors of h(7).
2
Let d(n) = n**2 + 9*n + 10. Let j be d(-9). Suppose j = -v + 3*v. Suppose 16 + v = w. List the prime factors of w.
3, 7
Let r be (615/9)/(-5)*-24. Suppose -2*l = -4*y - r, 2*l + 502 = 5*l - y. What are the prime factors of 3/9 - l/(-9)?
19
Suppose 7*a = -834 + 8548. List the prime factors of a.
2, 19, 29
Suppose -b + 0*b = 3*q - 1717, q - 575 = b. What are the prime factors of q?
3, 191
Let m(g) = 46*g**3 - 6*g**2 + 9*g - 5. What are the prime factors of m(2)?
3, 7, 17
Suppose -133*j + 138*j - 710 = 0. What are the prime factors of j?
2, 71
Let g be 36/(-7) + 11/77 + 4. List the prime factors of (-4)/g + -3 + 160.
7, 23
Let z be ((-70)/15)/((-7)/84). Let l be (-1)/(-2)*2 + -30. Let h = l + z. What are the prime factors of h?
3
Suppose -5*a - 5 = -0. Let w be (1 - a)/(6/39). Suppose 106 = w*h - 11*h. List the prime factors of h.
53
Suppose -2*y - 228 = -4*r + 2324, y + 639 = r. What are the prime factors of r?
7, 13
Suppose -3*j = 3*j - 342. Let h = -52 + j. What are the prime factors of h?
5
What are the prime factors of 13842/30 - (-5)/((-100)/8)?
461
Suppose 3534 + 4082 = 8*s. List the prime factors of s.
2, 7, 17
Let s be ((-5)/(-5))/(-1)*-46. What are the prime factors of s*(3 + 0 + -2)?
2, 23
Let q be 103 - (-8 + 10 - 2). Let b(f) = 2*f**3 + 7*f**2 + 6. Let v be b(-5). Let w = q + v. What are the prime factors of w?
2, 17
Suppose -1054 - 1261 = -5*h. What are the prime factors of h?
463
Let u(s) = 2*s + 1. Let p be u(7). Suppose 5*l = -p + 5. Let k = l - -7. What are the prime factors of k?
5
Let z be (-1)/(3 - 104/35). Let y = z + 21. Let k = 37 + y. List the prime factors of k.
23
List the prime factors of -6 + 1/((6/(-3122))/(-3)).
5, 311
Let k(c) be the first derivative of c**3 - 3*c**2 - c + 4. What are the prime factors of k(5)?
2, 11
Suppose 0 = 2492*w - 2486*w - 20244. What are the prime factors of w?
2, 7, 241
Suppose -4*p + 28 = -3*c - 15, 0 = -3*c + 2*p - 35. List the prime factors of (-16982)/(-126) + (-2)/c.
3, 5
Suppose 17 = j + 4. Suppose -4*w + 14 = 54. Let n = j + w. What are the prime factors of n?
3
Let c be 2/(-4) - (-63)/(-28)*-2. Suppose 2*m + 4*o = -6 - 0, -4 = o. What are the prime factors of (m - 33)*(-5)/c?
5, 7
Let j(o) = o**3 + 5*o**2 - o + 2. Let w be j(-6). Let s be (24/9)/(-2)*-33. Let f = s + w. What are the prime factors of f?
2
Let h be 233/((-5)/(-4) - (-8)/(-32)). Let d = h - 102. List the prime factors of d.
131
Let y be (28/2)/((2 - 3)/(-1)). Suppose 133 - y = 7*l. List the prime factors of l.
17
Let r = -4 - -9. Let j(c) = -2*c + 13. Let s be j(r). Suppose -9 = -s*m + 30. What are the prime factors of m?
13
Suppose -12 = w - 2*w. What are the prime factors of ((-8)/w)/(2/(-153))?
3, 17
Let x be -4*(-4 - (2 + -5)). Suppose 0 = 2*p + f - 599, -x*p + 5*f + 1163 = -0*f. List the prime factors of p.
3, 11
Let b = 262 + 663. List the prime factors of b.
5, 37
Suppose 0 = -25*v + 22*v + 990. What are the prime factors of v?
2, 3, 5, 11
Let n(k) = -1. Let d(a) = a + 4. Let h(u) = d(u) - 3*n(u). Let p be h(-3). Suppose p*t + 3*z - 227 = 0, 4*t + 2*z - 124 = 98. List the prime factors of t.
53
Let p(i) = -i**2 - 18*i + 6. Let x be (-20)/90 + (-104)/18. List the prime factors of p(x).
2, 3, 13
Suppose p = 310 - 94. List the prime factors of p.
2, 3
Let x(u) = -u**3 - 15*u**2 - 15*u + 2. Let q be x(-14). Let h(o) = -o + 2*o + 10 + o**3 - 17*o**2 + o**2 + 6. List the prime factors of h(q).
2
List the prime factors of 4/(16/12 + (-3020)/2274).
2, 379
Let r be (-350)/(-2) - -3*1/3. Suppose -3*u + r = 38. List the prime factors of u.
2, 23
What are the prime factors of (-105357)/(-168) + (-2)/16?
3, 11, 19
Let y be 435/(-25) + (-4)/(-10). Let l(k) = k + 19. Let s be l(y). Suppose